 256314029 prime?
False
Is 9194249 a composite number?
False
Is 19804529 composite?
False
Is 33647279 a prime number?
False
Is 13291121 prime?
True
Is 98243 composite?
True
Is 91595743 a composite number?
False
Is 40877222 composite?
True
Is 2425676315 prime?
False
Is 6795883 composite?
False
Is 41301047 a composite number?
False
Is 23544679 prime?
False
Is 113309 prime?
False
Is 72195887 prime?
True
Is 9448553 composite?
False
Is 182939 composite?
True
Is 88139717 prime?
True
Is 19550453 a prime number?
False
Is 107265901 a prime number?
False
Is 63256709 a composite number?
True
Is 77266757 a prime number?
True
Is 64616869 a composite number?
True
Is 32234263 prime?
True
Is 1327706 a prime number?
False
Is 61184195 a composite number?
True
Is 4701467 prime?
True
Is 3309038 a composite number?
True
Is 271093439 composite?
False
Is 479904989 prime?
True
Is 2892706 a composite number?
True
Is 1764137 prime?
False
Is 362301109 composite?
False
Is 6261055 composite?
True
Is 68209067 a prime number?
True
Is 1273367 a prime number?
True
Is 12734881 prime?
False
Is 29026729 a composite number?
True
Is 13112573 composite?
True
Is 662843 composite?
False
Is 4166407 a composite number?
True
Is 20473993 composite?
False
Is 9386527 composite?
False
Is 11396881 a composite number?
True
Is 591611 a composite number?
False
Is 95060899 composite?
False
Is 26781649 prime?
True
Is 5758589 a composite number?
False
Is 12729169 composite?
True
Is 190745 prime?
False
Is 337767721 prime?
True
Is 65117941 a composite number?
True
Is 16232347 a prime number?
True
Is 244529 a composite number?
False
Is 1674655 prime?
False
Is 4266029 composite?
False
Is 9816569 prime?
False
Is 3484703 prime?
False
Is 814303 composite?
True
Is 1071131 a composite number?
False
Is 4822413 composite?
True
Is 37651199 a prime number?
True
Is 10184701 a composite number?
False
Is 73904903 a prime number?
False
Is 18416329 a prime number?
True
Is 47090789 a prime number?
True
Is 36231821 a prime number?
True
Is 20772751 composite?
False
Is 3761831 a prime number?
True
Is 3645562 a composite number?
True
Is 586727143 a prime number?
True
Is 269415613 prime?
True
Is 214088741 prime?
True
Is 6027897 a composite number?
True
Is 48079289 a prime number?
False
Is 17956901 a composite number?
True
Is 29264777 a prime number?
True
Is 100283429 a composite number?
True
Is 4160015 a composite number?
True
Is 12880743 composite?
True
Is 11755067 prime?
True
Is 69214247 prime?
True
Is 647329603 composite?
False
Is 74833777 a prime number?
False
Is 432057151 a composite number?
False
Is 3173419 composite?
False
Is 36352441 prime?
True
Is 272286197 prime?
False
Is 3173054 a prime number?
False
Is 184703 composite?
False
Is 15698129 a prime number?
False
Is 60515827 composite?
True
Is 180774731 a prime number?
True
Is 3331799 prime?
True
Is 19964059 composite?
False
Is 10847629 a composite number?
True
Is 18916099 a composite number?
False
Is 3927013 prime?
True
Is 7681489 prime?
True
Is 1884877 prime?
True
Is 2379089 composite?
True
Is 18313327 a composite number?
False
Is 2687753 a composite number?
True
Is 156507839 a prime number?
False
Is 15257965 a composite number?
True
Is 23171903 composite?
False
Is 28112309 composite?
True
Is 12056543 prime?
False
Is 1378373 composite?
False
Is 1183207 prime?
False
Is 164179987 prime?
True
Is 19842803 a prime number?
False
Is 410630723 a prime number?
True
Is 1482707 composite?
False
Is 447998 prime?
False
Is 3818389 composite?
False
Is 2795663 prime?
False
Is 18004171 a prime number?
True
Is 125750251 composite?
True
Is 989784919 composite?
False
Is 8152751 prime?
True
Is 125792621 prime?
True
Is 1777267 composite?
False
Is 23378213 a composite number?
True
Is 122454667 a prime number?
True
Is 103408729 a composite number?
False
Is 83015 a prime number?
False
Is 4564011 prime?
False
Is 40592249 a prime number?
True
Is 132833 a composite number?
False
Is 4862243 prime?
True
Is 56938669 prime?
True
Is 5471849 a prime number?
True
Is 30801473 a composite number?
False
Is 4017353 a composite number?
False
Is 153113209 a prime number?
False
Is 16652659 a composite number?
False
Is 32234789 a prime number?
True
Is 3534313 composite?
False
Is 2614487 prime?
True
Is 26564567 composite?
False
Is 4289053 a composite number?
False
Is 197816137 a composite number?
False
Is 29605298 composite?
True
Is 152551577 composite?
False
Is 31700635 a prime number?
False
Is 96479611 composite?
False
Is 1367591 composite?
True
Is 366682307 a composite number?
True
Is 18595829 prime?
False
Is 337969 a composite number?
False
Is 24583523 composite?
True
Is 1654073 prime?
False
Is 237287581 prime?
False
Is 130341139 a prime number?
False
Is 411517 composite?
True
Is 2549165 a prime number?
False
Is 25633589 prime?
True
Is 9849079 a prime number?
True
Is 2067734 prime?
False
Is 1410833 prime?
True
Is 214395185 a composite number?
True
Is 63138763 a composite number?
False
Is 5452673 composite?
True
Is 497311 a composite number?
True
Is 239957626 prime?
False
Is 1259371 a prime number?
True
Is 622259023 composite?
False
Is 70910201 prime?
False
Is 239509487 prime?
False
Is 489364949 composite?
False
Is 1547339 a prime number?
True
Is 72853273 a composite number?
False
Is 49261553 composite?
True
Is 20897411 prime?
True
Is 48552941 composite?
False
Is 273883 a composite number?
True
Is 3126727 composite?
False
Is 79436219 composite?
False
Is 18087483 prime?
False
Is 2748514 a composite number?
True
Is 1978253 a prime number?
False
Is 7637363 composite?
False
Is 1840637 a prime number?
False
Is 14753213 prime?
True
Is 1448017 a prime number?
False
Is 79916063 a composite number?
False
Is 5114653 prime?
True
Is 5553029 prime?
True
Is 5154049 a composite number?
False
Is 42993047 a composite number?
False
Is 1054133 composite?
False
Is 2651974383 composite?
True
Is 29714401 a composite number?
True
Is 2135047 a composite number?
True
Is 201749162 a prime number?
False
Is 2041333 a prime number?
False
Is 2557703 composite?
True
Is 151350231 composite?
True
Is 83946739 composite?
False
Is 11561903 a prime number?
True
Is 5521937 prime?
False
Is 70361059 a composite number?
False
Is 90391789 a prime number?
True
Is 194562373 a prime number?
True
Is 2301811 prime?
True
Is 918009599 composite?
True
Is 114094511 a composite number?
False
Is 39571787 a composite number?
False
Is 1368847 prime?
True
Is 15316699 prime?
True
Is 2057817 a prime number?
False
Is 26692697 a composite number?
False
Is 7710407 a composite number?
True
Is 61554901 a composite number?
True
Is 57201083 a composite number?
False
Is 7585993 prime?
False
Is 31071 a composite number?
True
Is 564910207 composite?
False
Is 20418433 a composite number?
True
Is 27468283 a prime number?
False
Is 1214051 a prime number?
False
Is 3136537 prime?
False
Is 6080642 a composite number?
True
Is 143784791 composite?
False
Is 280281 a composite number?
True
Is 39882563 a prime number?
False
Is 76108283 composite?
True
Is 3983647 a prime number?
False
Is 6591617 a composite number?
False
Is 19383937 a prime number?
False
Is 771362269 composite?
False
Is 3107249 a prime number?
True
Is 18718901 composite?
True
Is 97384667 prime?
True
Is 147576907 prime?
False
Is 12598331 prime?
True
Is 130789879 prime?
False
Is 75748874 prime?
False
Is 2358569 a composite number?
True
Is 410109743 a composite number?
False
Is 2928313 a composite number?
True
Is 50142947 prime?
False
Is 9094123 composite?
False
Is 11735987 a prime number?
True
Is 132122429 a composite number?
False
Is 1624193 prime?
True
Is 42202123 a prime number?
True
Is 190748221 prime?
False
Is 87073583 prime?
False
Is 1593323 a composite number?
False
Is 116033173 a prime number?
True
Is 24367301 a composite number?
True
Is 1263811 a composite number?
True
Is 12946009 prime?
False
Is 2133163 prime?
False
Is 154668867 prime?
False
Is 535298399 prime?
True
Is 379804697 prime?
False
Is 724393 a prime number?
True
Is 130319643 a composite number?
True
Is 149066839 prime?
False
Is 119195705 a composite number?
True
Is 35088803 a prime number?
True
Is 4002233 composite?
True
Is 5640223 composite?
True
Is 2123327 composite?
False
Is 4890649 a composite number?
True
Is 8168371 a prime number?
Tru